et u be (-1 - 0)*3/(-1). Calculate the greatest common divisor of v and u.
3
Let i(f) = 2*f**3 + 3*f**2 - 5*f + 3. Let l be i(2). What is the greatest common divisor of 231 and l?
21
Let a = 25 - 11. What is the highest common factor of a and 140?
14
Let v be 2 - (-3)/6*2. Suppose m - 3*k = 4*m - v, -2*m = -3*k - 17. Calculate the highest common factor of 12 and m.
4
Let y(m) = -2*m - 6. Let c be y(-4). Suppose -2*v + t + 19 = 0, -c*t + 7 + 5 = v. What is the greatest common divisor of v and 2?
2
Let i be (-13)/(507/(-6)) - (-6236)/26. What is the greatest common divisor of 12 and i?
12
Let p = 308 + 16. Suppose s = -s + p. Suppose 2*h - q - 31 = 0, 4*h + 5*q - 7 = 5*h. Calculate the highest common divisor of s and h.
18
Let f be ((-30)/(-8))/(-5)*60/(-45). What is the highest common divisor of f and 13?
1
Let h = -46 - -49. Calculate the highest common factor of 39 and h.
3
Let q be (-111)/(-6) + (-2)/4. Suppose -4*s + 3*i + 15 = 0, 0 = 2*s + 3*s + 4*i - 42. What is the highest common factor of s and q?
6
Let m = -13 + 9. Let s = m - -6. What is the greatest common divisor of 14 and s?
2
Suppose 24 = -0*j - 4*j. Let m(u) = -2*u - 9. Let p be m(j). What is the highest common divisor of 3 and p?
3
Suppose 0 = 2*q + 3 - 13. Suppose 4 = 2*y - p - 2, q*p = 5*y - 10. Suppose -2*j - 4*o = -3*o - 8, -y*o = 8. What is the greatest common factor of 10 and j?
5
Suppose -4*q - 5*u = -112, -19 = -3*q - u + 76. What is the greatest common divisor of 22 and q?
11
Let g = -5 - -13. Let w be (-2)/(-4) - 7/(-2). What is the greatest common divisor of w and g?
4
Let f = -9 + 6. Let b(p) = -2*p**3 - p**2 - p + 1. Let g be b(f). What is the greatest common divisor of g and 7?
7
Suppose -3*u + 5*m + 0*m + 51 = 0, u + 5*m - 37 = 0. Calculate the highest common divisor of 33 and u.
11
Suppose -2*c - 21 = -3*c + 5*w, 0 = -5*c + w + 81. Suppose 3*x - 399 + 72 = -4*z, -53 = -z + 5*x. Let m = z + -38. What is the highest common factor of m and c?
8
Let x be 84/8 + 1/2. Let o = x + -6. What is the highest common factor of o and 25?
5
Let n be ((-1)/(5/4))/(14/(-350)). Calculate the greatest common divisor of n and 340.
20
Suppose -3*i + 8*i - 35 = 3*l, -21 = -4*i + l. Suppose -2*o + i*o - 304 = 0. Calculate the greatest common divisor of o and 19.
19
Suppose 4*j = -j + 25. Suppose j*m - 8 - 27 = 0. Calculate the greatest common divisor of m and 28.
7
Let d be 26/8 + 4/(-16). Suppose d*q = -4*v + 16, 0 = 2*q - v - 0*v - 7. Let k be (q/6)/(1/12). Calculate the highest common factor of k and 16.
8
Let t = -1 + 4. Let q(g) = -g**2 + 3*g**t - 2*g**3 + g**2 + 8 - g. Let f be q(0). What is the greatest common factor of 8 and f?
8
Let m(t) = -t**2 - 13*t - 30. Let f be m(-8). Calculate the greatest common factor of 110 and f.
10
Let d be (-7)/(28/(-24)) - -1. Suppose j - 52 = -s, -s = 2*s + 4*j - 159. Calculate the highest common factor of s and d.
7
Let z(x) = x**3 + 14*x**2 - 2*x - 16. Let i be z(-14). What is the highest common divisor of 96 and i?
12
Suppose -14*j + 13 = -j. What is the greatest common factor of j and 4?
1
Let x(b) = b**2 + 5*b - 6. Let z be x(-6). Suppose -8*w + 7*w + 81 = z. Calculate the highest common divisor of 9 and w.
9
Suppose 5 = 5*z - 15. Let p be ((-93)/9)/(1/(-6)). Suppose -i + p = 5*s + 21, -53 = -3*i - s. What is the greatest common divisor of z and i?
4
Suppose -8*q + 34 = -6*q. What is the highest common factor of 68 and q?
17
Let j = -62 + 123. Let t = j + -38. What is the highest common factor of 184 and t?
23
Let k = -1 + 4. Suppose -2*o - 41 = -3*j - 132, 5*j = -k*o + 165. Calculate the greatest common factor of 10 and o.
10
Let c(d) = d**2 + 2*d. Let q be c(-3). Let f be (q - (-1 - -3))*5. Calculate the highest common divisor of 5 and f.
5
Suppose -5*t + 3 + 12 = 0. Suppose -3*z + 12 = -t, -5*z = f - 109. Calculate the highest common factor of 12 and f.
12
Suppose 11*s - 168 = 7*s. What is the highest common divisor of s and 28?
14
Let y be 33/2*50/(-15). Let i = 78 + y. Calculate the highest common factor of 253 and i.
23
Let n = -7 - -15. Let i(m) = m**2 - m + 4. Let w be i(-4). What is the highest common divisor of n and w?
8
Suppose -2*j = -2 - 10. Let l(m) = 41*m**3 - m + 2. Let y be l(1). Calculate the highest common divisor of j and y.
6
Let b be ((-4)/6)/(2/(-12)). Let m = -2 + -2. Let l be m/12 + (-61)/(-3). Calculate the highest common factor of l and b.
4
Suppose -4*g - 5*t - 6 = 0, g + 3*g + 26 = 5*t. Let w be 129/6 - (-6)/g. Calculate the greatest common factor of w and 180.
20
Let l be 1 - (1 - 2)*4. Suppose 0 = l*k - 2*k - 60. What is the greatest common factor of 30 and k?
10
Let a = 25 - -23. Let x be -2 - (3 - (-1 + a)). Calculate the highest common divisor of x and 6.
6
Let b(r) = -r**3 - 7*r**2 - 3*r - 3. Let s be (-2)/(6/27) - -2. Let w be b(s). Let k = 25 - 23. Calculate the greatest common divisor of k and w.
2
Let l be 3*(2 + -1 + 0). Suppose -c + 3*s = 33, -2*c - l*s - 26 = s. Let n = c - -31. Calculate the highest common factor of n and 80.
10
Let s(j) = 2*j**3 - 8*j**2 - 14*j + 14. Let o be s(7). What is the greatest common factor of o and 84?
42
Suppose -b = 5*j - 47, j = 3*b - j - 124. Calculate the greatest common divisor of b and 21.
21
Suppose 15 = 4*f - 1. Let k = f + 3. What is the greatest common factor of 63 and k?
7
Suppose 24 = 2*a + 20. Calculate the highest common divisor of a and 22.
2
Let v = -6 - 5. Let m be v/((-3)/42*2). Let t = m - 45. What is the greatest common factor of 16 and t?
16
Let i be (6 - 9)*-3*3. What is the greatest common divisor of 108 and i?
27
Let y be 3/(-9) + (-1)/(-3). Suppose y = -4*l + 242 + 74. Suppose -3*h = -5*a + l, -2*h - 8 = -2. Calculate the highest common divisor of 2 and a.
2
Let n(k) = -3*k**2 + 7*k - 2. Let r be n(6). Let y = 124 + r. Calculate the highest common divisor of y and 8.
8
Let y(d) = -2*d. Let m be y(-2). Suppose o - 2*n = -6 - 1, 0 = 5*o + m*n - 21. Calculate the greatest common divisor of o and 3.
1
Let o be (2/(-3))/(6/(-729)). What is the highest common divisor of 9 and o?
9
Let f = -103 + 119. Calculate the highest common divisor of 16 and f.
16
Let l = 3 + 0. Let s = l + 1. Suppose -4*q + 184 = s*t, 5*t + 3*q = -8 + 246. What is the greatest common divisor of t and 10?
10
Let l(s) = s**2 + 7*s + 8. Let f = 7 + -14. Let m be l(f). What is the greatest common divisor of m and 24?
8
Let u = 38 + -18. Calculate the highest common factor of 50 and u.
10
Let p(x) = -x**2 - 4*x + 1. Let o be p(-5). Let d(w) = 2*w**2 - 4. Let q be d(o). What is the greatest common factor of 42 and q?
14
Let r(c) = 3*c**2 - 4*c. Let d be r(-8). What is the highest common factor of d and 32?
32
Suppose 0 = -19*r + 23*r - 140. Calculate the highest common divisor of r and 7.
7
Suppose 2*z = -5*a + 4, 5*z - 3 - 7 = -a. Suppose -872 = 5*r - h - 0*h, -3*r = z*h + 531. Let l = -32 - r. What is the highest common divisor of 13 and l?
13
Let l = 184 - 85. Suppose -5*z - 2*p = -34, 0 = -5*p + 5 + 5. Let q be z/(-4)*22/(-3). Calculate the greatest common factor of q and l.
11
Let t = 33 + 2. Suppose 0 = -3*z - 38 - 16. Let g = z + 32. Calculate the greatest common divisor of g and t.
7
Let q be (-5)/(-2)*(10 + 2). Let p(j) = -2*j - 12. Let a be p(-10). Let n = a + -2. Calculate the greatest common divisor of n and q.
6
Suppose r + 366 = -0*r. Let z = -192 - r. Suppose k - 1 = 0, 0 = -3*g + 2*k + 436 - z. Calculate the greatest common factor of 11 and g.
11
Let x = 15 + -1. Let k = -9 + 23. What is the highest common factor of x and k?
14
Let z = 4 - -1. Suppose -z*t = -2*t. Suppose -5*a + 30 + 45 = t. What is the greatest common factor of a and 6?
3
Let w(q) = q**3 - 6*q**2 - 7*q - 18. Let u be w(8). What is the highest common factor of 54 and u?
54
Let v = 57 - -39. What is the highest common divisor of 6 and v?
6
Let q(k) be the first derivative of k**4/4 - 17*k**3/3 + 9*k**2 - 22*k - 4. Let c be q(16). Calculate the greatest common divisor of 4 and c.
2
Let h(y) = -12*y**3 + y. Let q be h(-1). Let c(m) = 110*m**2 - m - 1. Let d be c(-1). Suppose -22 + d = v. Calculate the greatest common factor of v and q.
11
Let m be -2 + (8/10)/((-2)/(-115)). Calculate the highest common divisor of 66 and m.
22
Let o be (-4 - -3) + 0 + 31. Suppose n - 4*l = o, -3*l = -3*n + l + 50. Wh